 of x?
6
Let c = -8 - -1. Let y = -2 - c. Suppose -2*g = -4*g + 5*k + 184, -5*g + 460 = -y*k. What is the units digit of g?
2
Let y(m) = m**2 + m + 1. Let u(d) = -4*d**2 + 8*d - 11. Let n(c) = -u(c) - 3*y(c). Let l be ((-8)/16)/((-1)/36). What is the tens digit of n(l)?
3
Let r = 57111 - 25906. What is the thousands digit of r?
1
Suppose 0 = -22*s - 6051 - 4091. Let t = s - -1372. What is the tens digit of t?
1
Suppose -55*h = -30*h - 20075. What is the hundreds digit of h?
8
Suppose 442*n - 888*n = -442*n - 70480. What is the tens digit of n?
2
Let m(g) = 2*g**3 - 126*g**2 - 17*g - 175. What is the units digit of m(64)?
9
Suppose 0 = -2*k - 4*m + 6, 5*k - m - 62 - 8 = 0. Suppose -k*s - 1914 = -24*s. What is the units digit of s?
4
Let z be 0*(3/(-2))/(-3) - 49. Let q = z - -46. What is the hundreds digit of 108 + q - (3 - 3)?
1
Suppose 0 = -35*a + 1358283 + 138597. What is the hundreds digit of a?
7
Suppose 8*r - 48 = -4*r. Suppose 267 = 3*g + 2*k - 4*k, 0 = -4*g - r*k + 356. What is the units digit of g?
9
What is the units digit of (-21 - 6729)/(6 + -8)?
5
What is the hundreds digit of 1780/7*2940/24?
1
Let g(d) = -d**2 - 13*d. Let m be g(-13). Suppose m = -4*y - 3*t + 1017, -3*y = -0*t - 5*t - 799. What is the tens digit of y?
5
Let f(w) = 2*w**2 - 4*w + 2*w - 12 + 4*w - 7*w. Let n be f(4). Suppose -a = -o - 73, -4*a + 0*a + 3*o + 292 = n. What is the units digit of a?
3
Suppose -3*m + 2*o = -2525, -5*m - 2185 = -2*o - 6392. What is the tens digit of m?
4
Let x(l) = 201*l - 110 + 140*l - 79*l. What is the tens digit of x(4)?
3
Suppose -5*x = 13*s - 9*s - 13922, -4*x + 11143 = 5*s. Let u = x - 1410. What is the units digit of u?
2
Suppose 0 = 144*l - 112*l - 123744. What is the thousands digit of l?
3
What is the tens digit of ((-25)/10)/(2/(-5332))?
6
Suppose -115*f = -664270 + 34415. What is the units digit of f?
7
Let x(v) = 176*v**2 + 165*v - 1325. What is the thousands digit of x(10)?
7
Let f(y) = 340*y + 425. What is the thousands digit of f(28)?
9
Let x be ((-1)/25 - (-959)/(-2275))/((-4)/26). Let g(c) be the second derivative of 17*c**4/12 + 5*c**3/3 - 23*c**2/2 - c. What is the hundreds digit of g(x)?
1
Let w = 16416 + -1086. What is the units digit of w?
0
Suppose 9*d + 64195 = 46*d. Let s = d + -829. What is the tens digit of s?
0
What is the thousands digit of (-10 + -3 + 12)*(-5629 + -1)?
5
Let o = 2 - -7. Suppose -89 + o = 10*z. What is the hundreds digit of -2 + z/((-40)/615)?
1
Let q be (-5 - -59)/6 - (-2 + -1). Suppose -10240 = -q*v - 20*v. What is the hundreds digit of v?
3
Let z = 70 + -196. Let w = z + 131. Suppose 528 = w*m - g, 414 + 120 = 5*m + 2*g. What is the tens digit of m?
0
Let g be (4/3 + -1)*-9 - -6. Let d(o) = 10*o**3 - o**2 - 2*o - 9. What is the tens digit of d(g)?
4
Let s be (-1)/(-1 - 55/(-50)). Let p = s - -6. What is the tens digit of ((-424)/12)/(p/6)?
5
Suppose c + 3*y = 9990, -4*y = -2*c + 17690 + 2290. What is the tens digit of c?
9
Suppose 3*i + 4*x + 6949 = 51737, -74658 = -5*i - x. What is the units digit of i?
2
Suppose -7*o + 447663 = 102*o. What is the tens digit of o?
0
Let w be 0 - -3 - 3/((-9)/3). Suppose 3*y + 370 = 2*p, 0 = -3*p - 0*p - w*y + 555. What is the hundreds digit of p?
1
Let t be (-296)/(-1) + 2 + -1. What is the tens digit of t*(-3 - -4) - -5?
0
Let t(p) = -2*p**2 - p - 2. Let c be t(-1). Let z be c/4 - (-5778)/24. Suppose -z - 68 = -4*q + 4*b, 0 = -2*q - 4*b + 166. What is the tens digit of q?
7
Let k(j) = 13*j**2 - 107*j - 142. What is the tens digit of k(53)?
0
Suppose -42*g + 56*g = -31486. Let r = g - -3971. What is the tens digit of r?
2
Let x = -100 - -100. Suppose 0 = 4*c + 5*t - 693, -c + 3*t + 0*t + 152 = x. What is the tens digit of c?
6
Let b(i) = 20*i + 23. Let n(g) = 13*g + 15. Suppose -3*q = 4*q + 35. Let h(a) = q*b(a) + 7*n(a). What is the units digit of h(-4)?
6
Suppose 14*t - 11*t = 18. Suppose -5*s + t*f + 1896 = 2*f, -4*s - 3*f + 1523 = 0. What is the hundreds digit of s?
3
Let i be (2/1)/((-6)/465). Let k = 180 + i. What is the tens digit of 219 - (-7)/(35/k)?
2
Suppose -233*g + 229*g = -24. What is the hundreds digit of ((-3700)/(-30))/(2/g)?
3
Let j(h) = -7*h - 41. Let v be j(-17). Let c = v + 11. Suppose -5*w + 4*q + 86 = 0, -4*q = 5*w - 5*q - c. What is the tens digit of w?
1
Suppose 12*u - 454364 = -66464. What is the ten thousands digit of u?
3
Suppose -3*u + l - 385 = 0, -u = -l - l + 130. Let k = u + 467. Let d = k + -160. What is the units digit of d?
9
Let b be (2*-2 - (-21)/21)*-1. Suppose -5*f = -x - 26, -b*x + 2*f - 30 = 3*f. Let c = 103 - x. What is the units digit of c?
4
Suppose -4*m = 0, -3*k - 58 = -5*m + 32. What is the hundreds digit of (-1008)/k*(6 + -1) - 2?
1
Suppose 0 = 30*i - 31*i + 14. Suppose -i*g + 3269 = 413. What is the hundreds digit of g?
2
Let s be (-11)/3 + 3 + (-113)/(-3). Let m = s - 32. Suppose -m*g - 3*y = -175 - 39, -2*g + 98 = -5*y. What is the tens digit of g?
4
Let o(s) = 3*s**2 + 101*s - 1648. What is the ten thousands digit of o(-93)?
1
Let q(d) = -10*d**3 + 24*d + 68*d**2 - 8 + 2 - 24. Let j(o) = 3*o**3 - 23*o**2 - 8*o + 10. Let t(b) = -7*j(b) - 2*q(b). What is the hundreds digit of t(25)?
1
Suppose -2897*i + 2883*i + 204428 = 0. What is the ten thousands digit of i?
1
Let f be 3/(3*1 + 25/(-10)). Suppose c + 10 = f*c. Suppose -4*r = -3*b - 112, 4*b - 78 = -c*r - 0*b. What is the tens digit of r?
3
Let g = 223 - 218. Suppose g*r + 298 = x + x, -5*r = 4*x - 656. What is the units digit of x?
9
Suppose 0 = 2*y - 6*c + 11*c - 115849, y - 2*c - 57884 = 0. What is the tens digit of y?
0
Suppose -2*i = -v - 56218 + 3066, -2*i - 4*v = -53192. What is the tens digit of i?
8
Suppose 3*i - 24265 - 26324 = -14*j, 0 = -i - 2*j + 16887. What is the hundreds digit of i?
9
Suppose 30*l = 169*l + 73*l - 2199924. What is the hundreds digit of l?
3
Let c be 108/30 + 4/10. Suppose 7*b - c*b - 9 = 0. Suppose 0 = -4*d + g + b*g + 184, -2*d = -g - 87. What is the units digit of d?
1
Let s(o) = 6 - 4 + 401913*o**3 - 2*o**2 - 401912*o**3. Suppose 4 + 21 = 5*y. What is the units digit of s(y)?
7
Suppose -4*z + j - 28 = 0, -3*j = -3*z - 0*j - 12. Let c(f) = -21*f - 154. Let l be c(-6). What is the units digit of (62/z + 6)/(1/l)?
9
Let d be 1/7 - 238/(-49). Let x be 14/4*(-94)/((-1)/1). Suppose -606 = -d*i + x. What is the hundreds digit of i?
1
Let a(k) = 25*k - 9*k + 38 - 4*k - 8*k. What is the tens digit of a(0)?
3
Suppose 307*c = 310*c - 12. Suppose -c*z = -7*z + 852. What is the tens digit of z?
8
Let h(v) = 80*v**3 - 7*v**2 - 9*v + 121. What is the units digit of h(4)?
3
What is the hundreds digit of (-125322)/(-9) + (-583)/33 + 18?
9
Suppose -1046268 + 154027 = -3*h - 46*h. What is the thousands digit of h?
8
Suppose 96068 = 4*k + 4*z, -138*k - 72051 = -141*k - 2*z. What is the hundreds digit of k?
0
Let y(a) = 2*a**2 + 7*a + 9. Let c(l) = -3*l + 2. Let h be c(-1). Suppose -15 = -4*g + h*o - 52, -35 = 5*g + 5*o. What is the tens digit of y(g)?
8
Let z(t) = -t**3 + 11*t**2 + 13*t - 120. Let j be z(10). Suppose 3*p - n - 260 = 0, -326 - j = -5*p + n. What is the units digit of p?
8
Let p = -465 - -1213. Suppose -3*b + 5*w - 216 = -p, -172 = -b + 3*w. What is the tens digit of b?
8
Let l = 27 + -19. Suppose -2*u + 3*a + 41 = 0, 17*a - 13*a = -20. Suppose -u*d + l*d = -70. What is the units digit of d?
4
Let o = -176 + 398. Suppose -6*t + 31 = 19. Suppose d - o = -t*d. What is the tens digit of d?
7
Suppose -28620 = 48*a - 68*a. What is the thousands digit of a?
1
Suppose 8*a + 3*m + 33 = 3*a, a = m - 13. Let l(c) = -2*c**3 - 10*c**2 + 5*c + 38. What is the tens digit of l(a)?
4
Let t = 43997 - 25129. What is the tens digit of t?
6
Let x(h) = 3877*h**3 - 2*h**2 - 51*h + 104. What is the tens digit of x(2)?
1
Let w(z) = -5873*z - 4240. What is the thousands digit of w(-11)?
0
Let j be (-1 + 3 + 1)/(39/65). Suppose 4*k - 82 - 3 = -j*y, 3*k + 4*y - 63 = 0. What is the units digit of k?
5
Let q = -207 - -120. Let r = q - -87. Suppose r = 5*d + 123 - 528. What is the tens digit of d?
8
Let w(z) = -z**3 + z**2 + 2*z + 2. Let n be w(-1). Suppose -7*l + 390 = -n*l. Let p = 95 - l. What is the units digit of p?
7
Suppose -2*k - p = 3*p - 16, 4*k + 5*p = 20. Suppose k = -5*f - m + 157, -3*f + 103 = 5*m - 0*m. What is the units digit of f?
